{"id":18,"date":"2020-01-06T11:09:03","date_gmt":"2020-01-06T11:09:03","guid":{"rendered":"https:\/\/lionsnight.be\/?page_id=18"},"modified":"2020-01-06T11:12:29","modified_gmt":"2020-01-06T11:12:29","slug":"impressum","status":"publish","type":"page","link":"https:\/\/lionsnight.be\/index.php\/impressum\/","title":{"rendered":"Impressum"},"content":{"rendered":"<div class=\"wrapper-small\">\n<h5><strong>Angaben<\/strong><\/h5>\n<p>Lions Club St.Vith<br \/>\nBahnhofstrasse 3<br \/>\n4780 St.Vith<\/p>\n<div class=\"spacer spacer-medium \"><\/div>\n<h5><strong>Kontakt<\/strong><\/h5>\n<p>E-Mail: dirk.heinen@adc-group.net<\/p>\n<div class=\"spacer spacer-medium \"><\/div>\n<h5><strong>Copyright<\/strong><\/h5>\n<p>Alle Inhalte dieser Website (Daten, Illustrationen, Bilder, Grafiken, Logos, Produktbeschreibungen, usw.) sind urheberrechtlich gesch\u00fctzt. Alle angegebenen Firmen- und Markennamen, sowie deren Warenzeichen sind Eigentum Ihrer Inhaber und dienen lediglich zur Identifikation und Beschreibung der Produkte.<\/p>\n<div class=\"spacer spacer-medium \"><\/div>\n<h5><strong>Haftungshinweis<\/strong><\/h5>\n<p>Alle Informationen in dieser Website wurden sorgf\u00e4ltig recherchiert. Dennoch haftet der Herausgeber nicht f\u00fcr die Richtigkeit der genannten Informationen. Trotz sorgf\u00e4ltiger inhaltlicher Kontrolle \u00fcbernehmen wir keine Haftung f\u00fcr die Inhalte externer Links. F\u00fcr den Inhalt der verlinkten Seiten sind ausschlie\u00dflich deren Betreiber verantwortlich. Wenn Ihnen Fehler oder falsche Informationen auf dieser Website auffallen, teilen Sie uns dies bitte schriftlich mit.<\/p>\n<\/div>\n","protected":false},"excerpt":{"rendered":"<p>Angaben Lions Club St.Vith Bahnhofstrasse 3 4780 St.Vith Kontakt E-Mail: dirk.heinen@adc-group.net Copyright Alle Inhalte dieser Website (Daten, Illustrationen, Bilder, Grafiken, Logos, Produktbeschreibungen, usw.) sind urheberrechtlich gesch\u00fctzt. Alle angegebenen Firmen- und Markennamen, sowie deren Warenzeichen sind Eigentum Ihrer Inhaber und dienen lediglich zur Identifikation und Beschreibung der Produkte. Haftungshinweis Alle Informationen in dieser Website wurden sorgf\u00e4ltig [&hellip;]<\/p>\n","protected":false},"author":1,"featured_media":0,"parent":0,"menu_order":0,"comment_status":"closed","ping_status":"closed","template":"","meta":{"footnotes":""},"class_list":["post-18","page","type-page","status-publish","hentry","isotope-item"],"_links":{"self":[{"href":"https:\/\/lionsnight.be\/index.php\/wp-json\/wp\/v2\/pages\/18","targetHints":{"allow":["GET"]}}],"collection":[{"href":"https:\/\/lionsnight.be\/index.php\/wp-json\/wp\/v2\/pages"}],"about":[{"href":"https:\/\/lionsnight.be\/index.php\/wp-json\/wp\/v2\/types\/page"}],"author":[{"embeddable":true,"href":"https:\/\/lionsnight.be\/index.php\/wp-json\/wp\/v2\/users\/1"}],"replies":[{"embeddable":true,"href":"https:\/\/lionsnight.be\/index.php\/wp-json\/wp\/v2\/comments?post=18"}],"version-history":[{"count":3,"href":"https:\/\/lionsnight.be\/index.php\/wp-json\/wp\/v2\/pages\/18\/revisions"}],"predecessor-version":[{"id":21,"href":"https:\/\/lionsnight.be\/index.php\/wp-json\/wp\/v2\/pages\/18\/revisions\/21"}],"wp:attachment":[{"href":"https:\/\/lionsnight.be\/index.php\/wp-json\/wp\/v2\/media?parent=18"}],"curies":[{"name":"wp","href":"https:\/\/api.w.org\/{rel}","templated":true}]}}